*2. Suppose -3*b - 60 = -4*j, 9*j + b = -22*j + 174. What is y(j)?
-21
Let k(m) = m + 32. Let h = 3494 + -3485. Calculate k(h).
41
Let k(w) = w**3 + 5*w**2 - w - 2. Suppose l - 5*l - 3*j = -23, -5*j = 5*l - 35. Suppose l*d - 71 = -79. Give k(d).
18
Let t(p) = p**3 - 7*p**2 + 3*p + 4. Suppose -2*r - 3*m + 114 = 0, 4 + 8 = -3*m. Let j be (-4 + r/15)*(-35)/(-1). Calculate t(j).
25
Suppose -5*w = -4*r + 7 + 9, -4*r + 16 = 3*w. Let l(m) = -3*m + 1. Give l(r).
-11
Let x(k) be the second derivative of k**3/2 - 39*k**2/2 - 2*k + 2. Give x(9).
-12
Let f(h) be the third derivative of 23*h**4/12 - 26*h**3/3 - 6176*h**2. What is f(1)?
-6
Suppose 79*z - 81*z - 10 = 0. Let k(w) be the first derivative of w**2/2 - 7*w - 4. Give k(z).
-12
Let j(u) be the second derivative of u**5/60 + u**4/8 + u**3/3 - 64*u**2 + 74*u. Let q(d) be the second derivative of j(d). Determine q(4).
11
Let l(i) = 8*i**2 + 38*i - 8. Let t be ((-122)/(-427))/(-3 + (-515)/(-175)). Give l(t).
2
Let r(o) be the second derivative of o**4/3 + o**3/2 + 2*o**2 + 6510*o. Give r(-1).
5
Let o(q) = -5*q**2 - 2*q + 13. Let r(h) = 2*h**3 - 4*h**2 - 32*h + 34. Let z be r(1). Give o(z).
13
Let b(s) be the third derivative of -3/8*s**4 + 0 + 10*s**2 + 0*s - 1/120*s**6 - 1/3*s**3 - 7/60*s**5. Calculate b(-6).
16
Let d(c) = -11*c**2 + 5*c**2 + 36*c + c**3 - 23*c - 19*c - 1. Determine d(7).
6
Let b = 108 + -91. Let k be (17/b)/(-2 - 11/(-6)). Let a(f) = -f**3 - 5*f**2 + 4*f + 3. What is a(k)?
15
Let t(o) be the first derivative of -o**7/120 - o**5/120 + 3*o**3 + 34. Let x(b) be the third derivative of t(b). Let h = -31 + 32. What is x(h)?
-8
Suppose -3*u - 49 = -5*y + 51, 110 = -5*u - 3*y. Let l(v) = v**3 - 2*v**2 - 3*v + 4. Let n be l(-3). Let c = n - u. Let z(i) = i**2 + 7*i - 7. Give z(c).
-7
Let v(w) = -w**2 - w + 29. Let c(f) = -f**3 - 50*f**2 - 56*f - 337. Let y be c(-49). Give v(y).
-13
Let h = -751 - -1174. Let b = 426 - h. Let z(n) = -9*n**2 + n - 1. Let j(w) = -5*w**2. Let d(k) = -7*j(k) + 4*z(k). Give d(b).
-1
Suppose 4*p + 259*j - 258*j = 30, p + j - 12 = 0. Let x(z) = 0*z + 0*z - z + 5. Calculate x(p).
-1
Suppose -6 - 6 = -6*k. Let y(g) = -5*g - g - g**3 - 3*g**2 - 3 + k*g. Let q be (-4 + -2 - -4)*1. Give y(q).
1
Let s(o) = o**3 - 10*o**2 - 10*o - 26. Let y(f) = -42*f - 1039. Let x be y(-25). Calculate s(x).
-15
Let h(s) = -s**2 - 8*s + 13. Let a be ((-63)/36 - -2)*4*3. Suppose -a*b + 45 = -8*b. Give h(b).
4
Let j(n) = -n**2 + 6*n - 10. Let u be (110/33 + -2)*6. Calculate j(u).
-26
Let x(w) = -4*w**3 + 6*w**2 - 8*w + 2. Suppose -14*j + 18*j = 4*c + 40, 0 = -c - 7. Calculate x(j).
-76
Let h(p) = -p**3 + p. Let r(d) = -2*d**3 + d**2 + 2*d - 3. Let w(i) = 3*h(i) - r(i). Let y = -445 - -445. Give w(y).
3
Let f(k) = k**3 + 7*k**2 + 2*k + 14. Let c be f(-7). Let s be 0 + c*4/20. Let m(t) = 3*t + 12*t - 15*t + t - 12. Calculate m(s).
-12
Let t(r) = 7*r + 4. Let p(o) = -3 - 50*o + 44*o - 2. Suppose 0 = -n + 3*n + 3*i, i - 22 = 3*n. Let v(j) = n*p(j) - 5*t(j). What is v(-10)?
0
Suppose 9*o - 7 = 2. Let a(w) = -5*w**2 - 5*w - 3. Let p(n) = n**2 - 2*n - 1. Let j(z) = -a(z) + 3*p(z). Calculate j(o).
7
Let c(v) = v**2 - v + 4. Let k(f) = -20*f - 15. Let a be k(3). Let d = a + 78. Suppose 0 = -i + d - 0. Determine c(i).
10
Let b be -15*(2/12)/(27/54). Let l(v) = -v**3 - 3*v**2 + 12*v + 15. Let z be l(b). Let t(a) = a - 17. Give t(z).
-12
Let j be (940/(-160) - -6) + 30/16. Let d(t) = -26*t**2 + 4*t - 5. Calculate d(j).
-101
Let m(y) = -13*y - 17*y + 39*y - 7 - 2*y. Let s(j) = 2*j - 16. Let p be s(11). Determine m(p).
35
Let g(i) = -i**3 + 3*i**2 + 15*i + 17. Suppose 2744*l - 2715*l - 174 = 0. Give g(l).
-1
Let j(u) = u**3 + 4*u**2 - u. Let l(m) = -m**3 - 10*m**2 + 19*m - 14. Let q be l(-13). Let g = -249 + q. What is j(g)?
12
Let b(z) = 4*z**3 + 3*z**2 - z - 1. Let t = -3788 - -3789. Give b(t).
5
Let u = -4094 + 4104. Let v(a) = 2 - 3*a + 0*a + 1 + 2*a. What is v(u)?
-7
Suppose 25*u - 11*u - 42 = 0. Let o = 8 - 4. Let r(t) = -t**2 - u*t + o*t**2 + 0*t**2 + 1 - t**3. Determine r(3).
-8
Let f(k) be the second derivative of 2 + 18*k**2 - 1/3*k**3 + 86*k. Calculate f(18).
0
Let s(v) = 9*v**3 + 9*v**2 + 15*v + 3. Let j = -45887 + 45885. Determine s(j).
-63
Let t(x) = -4*x + 3. Suppose 3*u - 5*n + 16 = 7*u, 0 = -5*u + 3*n + 20. What is t(u)?
-13
Let a(f) = 21*f**2 - 49*f**2 + 16*f**2 - 24 - 3*f + 13*f**2. Give a(6).
-6
Let b(m) be the second derivative of -2*m**3/3 + 4*m**2 + 674*m. Give b(5).
-12
Let i be 2*-2*15/(-6)*2/(-5). Let x(d) = -d**3 - 5*d**2 - d + 14. Calculate x(i).
2
Let c(a) = -2*a + 1. Let p be c(-8). Let k be (-14)/(-14) + (33 - 2). Let d(x) = -1 - k*x + 14*x + p*x. Give d(6).
-7
Let o(r) be the first derivative of -18 - 20*r + 1/2*r**2 - 1/4*r**4 + 14/3*r**3. Calculate o(14).
-6
Let l(p) = -7 + 6*p - 24*p + 2 + 12*p + 0 - 2*p**3 - 7*p**2. Let n(c) = -c**2 + 7*c - 4. Let m be n(7). Determine l(m).
35
Let r(m) = -m**3 + m**2 - m + 2. Let z be r(2). Let v(j) be the second derivative of -5*j**3/6 - 7*j**2/2 + 90217*j. Calculate v(z).
13
Suppose -o + 7*o = -24. Let q(r) be the first derivative of -r**2/2 + 5*r - 463. Give q(o).
9
Let u(i) be the second derivative of -i**5/120 + 3*i**4/8 - 3*i**3 - 29*i + 2. Let x(f) be the second derivative of u(f). Give x(7).
2
Let o = 2167 + -2162. Let k(g) = g**3 - 4*g**2 - 7*g + 3. Give k(o).
-7
Let g(t) = -109*t**2 - 23 + 120*t**2 - 110*t**2 - 13*t + 98*t**2. Determine g(-9).
13
Let l be 391/204*24/276. Let f(r) be the third derivative of 0 - 11*r**2 - 1/8*r**4 - l*r**3 + 0*r + 1/120*r**6 + 0*r**5. Give f(-2).
-3
Let g(v) = -9 - 2 + 1 + 17 - 5. Let h(m) = m - 1. Let k(d) = 5*g(d) + 4*h(d). Calculate k(6).
30
Let x = 39 + -40. Let k(h) = -23*h**3 + 1. Let b be k(x). Let t(o) = -1 - b*o**2 - 6*o + 5*o + 15*o**2. Calculate t(-1).
-9
Let b(r) = -r**3 + 9*r**2 - 12*r - 14. Suppose -79*c + 74*c - 3*z + 48 = 0, c = -z + 12. What is b(c)?
22
Let n(q) = q**2 + 6*q + 2. Let o be 8 + -4 + (-182 - -1). Let p = o - -171. What is n(p)?
2
Suppose f + 3 = 4. Suppose -23 = -4*b - 5*x, -10 = -2*b + 5*x - 21. Let u(c) = -c**3 - 151874 - c + c**b + 151874. Calculate u(f).
-1
Let r(y) = 2*y**2 - 2*y - 1. Suppose 0 = -4*b - 35 + 15. Let x be b*(3 - -2)/(-5). Suppose 0 = 2*v + 5*o - 1, 5*v + x = o + 21. Determine r(v).
11
Let f(m) = 268*m - 2409. Let q be f(9). Let c(z) = 4*z - 16. Give c(q).
-4
Let i(o) be the second derivative of -o**4/24 - 4*o**3/3 - 13*o**2/2 - 27*o. Let v(x) be the first derivative of i(x). What is v(-6)?
-2
Let f(z) = 11*z**2 + 37*z - 9. Let y be f(-4). Let t(u) = 2*u**2 - 35*u - 55. What is t(y)?
2
Suppose -3*p - 2*p = -2*n, 0 = n + 3*p - 11. Let d(a) = 2162*a**2 + 0*a**3 + a**3 - 2167*a**2 + 0*a**3 + a. Calculate d(n).
5
Let p(c) = -17*c - 67. Let t(x) = -6*x - 29. Let r(z) = 4*p(z) - 13*t(z). Give r(-10).
9
Suppose -3*b + 11 = -v, -4*v - 4*b + 8 = -28. Let d(m) = -4 - 42*m - v + 4 + 45*m. Calculate d(-5).
-19
Let o(v) = -v**3 + 3*v**2 + 2*v. Suppose -33 = -3*a - 4*l - 44, -7 = a + 2*l. Determine o(a).
6
Suppose 2*q - 3*s + 8 = 0, -q + 65 = 6*s + 39. Let n(u) = u**2 - 3*u + 3. Calculate n(q).
1
Let g(s) = 2*s**2 + 47*s + 78. Let i be g(-22). Let n be (i/(-18))/(3*5/(-45)). Let w(p) = -17*p + 1. Give w(n).
-33
Let w(c) = -168 + c + 172 + 105*c**2 - 223*c**2 + 117*c**2. Let k(v) = -v**2 + 2. Let t be k(3). Determine w(t).
-52
Let w(h) be the first derivative of -2*h + 3*h**2 + 8 - 1/3*h**3. Give w(6).
-2
Let s(p) = 4*p**2 + 13*p + 8. Let a be s(-3). Let j(b) = -105 + a*b - 4*b + 122. Calculate j(0).
17
Let h(s) = s**2 - 10*s + 1. Suppose 5*q + 3*y = -201 + 1666, 586 = 2*q - 5*y. Let r = q + -285. Give h(r).
-15
Let y(d) = -d**3 + 4*d**2 + 4*d + 13. Let p(b) = -b**2 - b - 1. Let n be 7/63*-3*-3. Let s(v) = n*y(v) - 2*p(v). Give s(7).
8
Let t(h) = 2*h + 5. Suppose 3*l + 137 = 11. Let r = l + 44. Suppose -w + x + 4 = 4*x, -r = w + x. What is t(w)?
-5
Let i = -338 - -355. Suppose 6 = -19*o + i*o. Let g(z) = z**2 - 7. Calculate g(o).
2
Let p(a) be the third derivative of a**6/120 + a**5/12 + a**4/12 + a**3/3 + 4*a**2 - 19. Let g = 60 - 65. Give p(g).
-8
Let j(b) be the first derivative of b**5/120 + 5*b**4/12 - 128*b**3/3 - 1. Let u(o) be the third derivative of j(o). Determine u(8).
18
Let a(o) = -4*o - 1. Let n(z) = -17*z - 72. Let s(b) = -3*a(b) + n(b). Let